Let u = 75 + w. What is the remainder when u is divided by 16?
15
Let x(o) = -o + 72. What is the remainder when x(18) is divided by 21?
12
Suppose -s - 44 = 3*s. Let z(p) = -p**2 - 10*p + 14. Suppose m + 0*m = 7. What is the remainder when m is divided by z(s)?
1
Suppose -4 = -3*t - 5*d + 8, -d - 12 = -3*t. Let h = -12 + 11. Let s = t - h. Calculate the remainder when s is divided by 2.
1
Suppose 0 = 2*h - 5*y - 30, 0 = 2*y - 3 + 11. Suppose 3*a = 3*s + 111, 3*s = 2*s - h. Calculate the remainder when a is divided by 17.
15
Suppose 0 = 2*f - 13 + 1. Calculate the remainder when f is divided by 5.
1
Suppose -7 = x - 2*x. Let a(t) = t**2 + 4*t + 1. Let y be a(-3). Calculate the remainder when x is divided by y*((-3)/6 - 1).
1
Suppose -2*i + i = -2*g - 6, 0 = 4*i + 5*g - 24. Calculate the remainder when 53/5 + 4/10 is divided by i.
5
Let t = 9 + -13. Let q be 1*0*2/t. Suppose -g = -4*p - 22, q*g + 38 = 5*g + 4*p. Calculate the remainder when 29 is divided by g.
9
Suppose 7*y - 2*y - 325 = 0. Calculate the remainder when (-2)/9 - y/(-9) is divided by 4.
3
Let w(n) = 3*n**2 - 1. Let c(x) = x + 32. What is the remainder when c(0) is divided by w(-2)?
10
Let z(w) = -5*w - 9. What is the remainder when 30 is divided by z(-5)?
14
Let j(a) = 25*a + 2. Let w be j(3). What is the remainder when 7/(28/8)*14 is divided by w/5 + (-4)/10?
13
What is the remainder when (52 + 6/(-2))*1 is divided by 13?
10
Let z(c) = c**3 - 5*c**2 + 4*c. Calculate the remainder when 79 is divided by z(5).
19
Suppose 0 = 4*b - 54 - 138. What is the remainder when b is divided by 17?
14
Let c(r) = -2*r - 10. Let g(v) = -41*v. What is the remainder when g(-1) is divided by c(-12)?
13
Suppose 50 = 14*j - 636. Calculate the remainder when j is divided by (-1 + 1 + 1)*17.
15
What is the remainder when (-484)/(-16) + (-5)/20 is divided by 16?
14
Suppose 3*y - 2*y = -4*l + 35, 0 = -4*y + l + 55. What is the remainder when 41 is divided by y?
11
Let u(o) = o**2 + 2*o - 5. Let k(b) = -4*b**3. Let w be k(1). Let n be u(w). Let s(z) = 2*z**2 - 2*z - 1. What is the remainder when s(n) is divided by 6?
5
Let i = 8 - 2. Let a(v) = -v**3 + 5*v**2 + 18*v - 7. What is the remainder when a(7) is divided by i?
3
Let a be 95/25 + 1/5. Suppose -a*q = -q - 60. What is the remainder when q is divided by 7?
6
Suppose 0 = 10*r - 8*r - 44. What is the remainder when 85 is divided by r?
19
Let u = 41 + -37. Suppose -3*h - 16 = -n - 4, 2*h = -4. Calculate the remainder when n is divided by u.
2
Let b(z) = 5*z**2 - 8*z - 1. What is the remainder when b(-4) is divided by 19?
16
Let x(b) = -b**3 + 9*b**2 - b - 7. Let h be x(8). Suppose -18 = -g + h. Let r = -33 + g. What is the remainder when r is divided by 12?
10
Let g = -82 - -121. Suppose -5*i = -36 - 14. Calculate the remainder when g is divided by i.
9
Let g(o) = -o**2 + 6*o + 6. What is the remainder when 20 is divided by g(5)?
9
Let w = -18 + 49. What is the remainder when 61 is divided by w?
30
Suppose 7*k - 3*k - 228 = 0. Let t = -2 - 3. Calculate the remainder when k is divided by (-76)/t - (-1)/(-5).
12
Let r(i) = i**3 + 2*i**2 + 8*i + 34. What is the remainder when r(0) is divided by (-116)/(-10) + 4/10?
10
Let i(b) = b**2 - 4*b + 3. What is the remainder when i(8) is divided by 9?
8
Let j(g) = -g**3 + 5*g**2 - 3*g + 6. What is the remainder when 18 is divided by j(4)?
8
Let x(z) = z**3 + 7*z**2 + 6*z + 8. What is the remainder when 54 is divided by x(-5)?
26
Let b(k) = 32*k**3 + k**2 + 2*k + 1. Let z be b(2). Suppose 0 = 5*u - m - z, -5*u - m = -41 - 224. Let d = u - 26. What is the remainder when d is divided by 7?
6
Let x = 7 - 2. Let a = -6 + 3. Let s(v) = -v**3 - 3*v**2 + 2. Calculate the remainder when x is divided by s(a).
1
Suppose -z - 12 + 3 = 0. Calculate the remainder when (-227)/z - (-2)/(-9) is divided by 14.
11
Calculate the remainder when (6 - 80/12)/(4/(-1482)) is divided by 25.
22
Let b = 28 - 23. Suppose 0 = 5*y - 3*y + u - 39, 75 = b*y - 5*u. What is the remainder when 33 is divided by y?
15
Suppose -p = z - 4*z + 107, -2*p = 4*z - 126. Let g = 50 - z. Let y(b) = b**2 - 3. What is the remainder when g is divided by y(-3)?
4
Suppose 33 = 2*y - y. Let c = y + -18. Let d = 21 - c. Calculate the remainder when 16 is divided by d.
4
Calculate the remainder when 20 is divided by (-12)/(-21) + (-38)/(-7).
2
What is the remainder when 65 is divided by (-19 + 2)*(-2 - 0)?
31
Let g(t) = t**3 + 2*t**2 - t. What is the remainder when 3 is divided by g(-2)?
1
Suppose 2*v - 2 = 3*v. Calculate the remainder when (v/(-3))/(10/345) is divided by 8.
7
Let m be (7/2 + -3)*26. Suppose 0*j = -j + m. What is the remainder when j is divided by 5?
3
Suppose 2*q + 2*s = -3*q + 66, 33 = 2*q + 3*s. Calculate the remainder when 18 is divided by (1 + 2)/(q/28).
4
Suppose 62 = 44*s - 42*s. What is the remainder when s is divided by 17?
14
Let l(s) = -12*s - 3 + 3. Calculate the remainder when l(-1) is divided by 7 + (0/(-1))/(-2).
5
Suppose 44 = -4*j + 116. Calculate the remainder when 104 is divided by j.
14
Suppose 3*m - 5*n - 118 = -10*n, 3*n = 15. What is the remainder when 121 is divided by m?
28
Suppose -2*n + 26 = 2*g, -4*g + 6 = -4*n - 54. What is the remainder when g is divided by 6?
2
Let s be 1 + -2 - 1 - -3. Let h(y) = 22*y**3 + 2*y**2 - 1. Calculate the remainder when h(s) is divided by 12.
11
Let z be (-16)/(-3)*(-9)/6. Let k = z - -10. Calculate the remainder when k is divided by 2.
0
Suppose 0 = -2*m - 2*o + 46, -4*m = -0*m - 5*o - 65. What is the remainder when 58 is divided by m?
18
Suppose 0*c - 4*c + 36 = 0. Calculate the remainder when 33 is divided by c.
6
Let x be -3 - (-7 + 1) - 1. Suppose -99 = -x*i - i. What is the remainder when i is divided by 18 - (-2 - -4 - 1)?
16
Suppose -17 = -3*i - y, -3*y + 0 = 12. Let g(b) = -2*b + 21. Let v(j) = -j + 10. Let f(w) = 6*g(w) - 13*v(w). What is the remainder when f(i) is divided by 2?
1
Suppose 2*x + 1 = 5. Let j(w) = -x + 3*w - 3 + 4. Calculate the remainder when 22 is divided by j(3).
6
Let r = -4 - -7. Let s(w) = w**3 - 21*w**2 + 21*w - 19. What is the remainder when r is divided by s(20)?
0
Let w(t) = -4*t**3 - 2*t**2 + 7*t - 1. Calculate the remainder when w(-3) is divided by 35.
33
Let i = 306 - 198. Suppose 0 = -v + 4, h + h - i = 3*v. Calculate the remainder when h is divided by 16.
12
Suppose -4*z + 0*c + c + 48 = 0, 22 = 2*z - c. Let b = -6 - -9. Calculate the remainder when -1 + (-1)/(b/(-78)) is divided by z.
12
Let l(x) = x**3 - 3*x**2 - 3*x - 2. Let b be l(4). Suppose q = -1, -q - 66 = -b*c + 3*q. Calculate the remainder when c is divided by 11.
9
Suppose -4*s + 3 = -1, -f - 4*s = -38. What is the remainder when f is divided by 18?
16
Let b(y) = -y**3 + y**2 - y - 1. Let v be b(-1). Let p(r) = 8*r**3 - 2*r + 2. Calculate the remainder when p(v) is divided by 16.
14
Let o(q) = -q**3 - 6*q**2 + q + 8. Suppose 0*b - 6 = b. Calculate the remainder when (-1)/(-3) + 11/3 is divided by o(b).
0
Suppose 2*k - 10 = 18. What is the remainder when 468/8*6/9 is divided by k?
11
Let p = -57 + 274. Let q = p + -110. Let y = -73 + q. What is the remainder when y is divided by 12?
10
Suppose 22 = 5*q - 58. What is the remainder when 79 is divided by q?
15
Suppose -2*v = -s + 16, -v + 6*v - 65 = -5*s. Let j = -3 + -2. Calculate the remainder when -82*1/(j + 3) is divided by s.
13
Suppose 36*d - 42 = 33*d. Calculate the remainder when 16 is divided by d.
2
Suppose -y - 95 = -6*y. What is the remainder when 14*(7 - (-93)/(-21)) is divided by y?
17
Let r(n) = n**2 + 6. Let y be -45*(1 - (1 - -1)). Suppose 3*g - 12 - y = 0. What is the remainder when r(7) is divided by g?
17
Let m(l) = 34*l**2 - 2*l + 1. Suppose 0 = -3*d, 0*b = -3*b - d + 3. Let h be m(b). Suppose -h = -11*u + 8*u. Calculate the remainder when u is divided by 3.
2
Calculate the remainder when 49 + (-4 + 4)/(-3) is divided by 13.
10
Let u(g) = g**2. Let q(t) = -3*t**2 + t - 1. Let v(j) = q(j) + 6*u(j). Let s be v(1). Suppose s*y - 6 - 45 = 0. Calculate the remainder when 49 is divided by y.
15
Suppose -3*m - 14 = -g + 12, -2*g - 4*m + 2 = 0. Let w(f) = 6*f - 11. Let d be w(7). Calculate the remainder when (d/(-3) + -4)*-3 is divided by g.
10
Suppose 0 = -5*n + n + 104. What is the remainder when (5032/6)/17 - (-2)/3 is divided 